the highest common divisor of i and 10?
5
Let z be 2/(-6) + (-138)/(-9). Let s be ((-12)/(-14))/((-5)/(-70)). Let t be (-1 + 46)*s/z. What is the greatest common factor of t and 18?
18
Let t(r) = 123*r - 918. Let u be t(8). Calculate the greatest common divisor of u and 1518.
66
Let n be 1/(-2)*1*-10. Suppose -a + 0*o - 2*o = -12, -5*a = n*o - 55. Calculate the greatest common factor of 70 and a.
10
Let x be (624/9 + -4)/((-4)/(-6)). What is the greatest common factor of x and 539?
49
Let k(s) = -2*s - 19. Let w be k(-11). Suppose -1 = -w*i + 29. Calculate the greatest common factor of 100 and i.
10
Suppose 9*u - 51 - 597 = 0. What is the highest common factor of 36 and u?
36
Suppose 4*t + 12 = -12*s + 13*s, -5*s - 5*t = -185. Calculate the greatest common factor of s and 8.
8
Let b be 120*(8 - 120/16). Calculate the highest common divisor of 180 and b.
60
Let o(z) = z - 1. Let t(n) = 21. Let d(h) = 6*o(h) + 2*t(h). Let p be d(8). What is the highest common divisor of 48 and p?
12
Let m be -4 + ((-9)/(-27))/(2/198). What is the greatest common factor of m and 29?
29
Suppose -154 = -2*t + 4*k - 854, 2*k = -3*t - 1074. Let h = 501 + t. Calculate the greatest common divisor of h and 58.
29
Let c(v) = -v**3 + 9*v**2 + 3. Let w be c(9). Suppose 5*s - w = 2. Suppose -3*j + s + 2 = 3*x, -4*j - 4 = 0. What is the highest common divisor of 2 and x?
2
Let u(k) = 5*k**2 - 14*k + 6. Let y(x) = x**2 - x. Let a(p) = -u(p) + 4*y(p). Let s be a(8). What is the greatest common factor of 90 and s?
10
Suppose -37 - 43 = -10*l. Let f be 0/2 - (-1 - 23). Calculate the highest common divisor of l and f.
8
Let o = -45 + 117. Let s = o - -16. Let v(j) = j**2 - j + 11. Let c be v(0). What is the highest common factor of s and c?
11
Let f = -4 + 9. Suppose -t + 0*t = -2*z + 156, 0 = -f*z - 3*t + 412. Suppose i = -i + 20. What is the greatest common factor of z and i?
10
Let h(b) = -b**2 + 8*b - 6. Let z be h(6). Suppose z*y = 9*y - 15. Calculate the highest common factor of y and 45.
5
Let z = -310 + 328. Calculate the highest common factor of z and 99.
9
Suppose -b - 2 = -0*b - 5*m, -2*b = 4*m - 24. Suppose b*o - 244 = 316. What is the highest common divisor of o and 28?
14
Suppose 5*a + 5*f = 1605, -8*f - 1270 = -4*a - 5*f. What is the highest common divisor of 22 and a?
11
Suppose 2*u + 230 = 3*g, 3*g - 6*g + 4*u = -238. Calculate the greatest common factor of g and 111.
37
Let b be 2 + (-2257)/(-4) - (-3)/4. What is the greatest common factor of b and 63?
63
Let j(d) = d**2 + 5*d - 18. Let s be j(6). Let m = 136 - s. Calculate the greatest common factor of 8 and m.
8
Let j(u) = 1 - 2*u + 4*u**2 - 3*u**2 - 10 + 2. Let t be j(5). Suppose -3*a + 6 = -0*a. What is the greatest common factor of a and t?
2
Let w be (-47)/(((-19)/38)/(5/2)). Calculate the greatest common divisor of 5 and w.
5
Suppose 0 = -a - a - 63 + 65. Suppose 2*o = 4*t - 0*o - 10, o = -3*t + 5. What is the greatest common divisor of t and a?
1
Suppose 4*k + 2*w = 22, 3*w - 3 = 4*k - 0*w. Suppose -z + 5*a = 4*z - 200, 0 = -4*z - 5*a + 205. Calculate the greatest common factor of z and k.
3
Let c = 144 - 133. What is the highest common factor of c and 44?
11
Let n(j) = 5*j - 18. Let o(c) = -14*c - 2. Let l be o(-1). Let v be n(l). What is the greatest common factor of 14 and v?
14
Let q = -1811 + 2711. What is the highest common factor of q and 36?
36
Suppose 6*u = u + 340. Let b(h) = -3*h + 5. Let i(f) = 2*f + 6. Let t be i(-5). Let z be b(t). Calculate the highest common factor of z and u.
17
Let o(f) = 6*f + 32. Let b(i) = 13*i + 64. Let k(z) = -3*b(z) + 7*o(z). Let v be k(10). Calculate the highest common factor of 93 and v.
31
Suppose 50 + 130 = 9*d. Suppose -1 = -2*a + 5, -3*a - 6 = -3*r. Calculate the highest common divisor of d and r.
5
Let c(f) = -10*f + 3. Let p be c(-3). Suppose -96 + 404 = 14*n. What is the greatest common divisor of p and n?
11
Let s = 6 - 84. Let v be (s/(-8))/((-21)/(-28)). Let c(b) = 36*b - 4. Let f be c(3). Calculate the greatest common factor of f and v.
13
Let f = -77 - -154. What is the greatest common factor of 121 and f?
11
Let s = 354 - 239. Calculate the highest common factor of s and 46.
23
Let n be (-7)/9 - 2/9. Let h be (7 - 7)/(n - 1). Suppose h*k + k = 45. Calculate the greatest common factor of k and 30.
15
Let r be (180/8)/((-4)/(-24)). What is the greatest common factor of r and 54?
27
Suppose -5304 + 28684 = 10*u. Let m be (-1)/(-2) - u/(-28). What is the greatest common factor of m and 12?
12
Suppose u = -4*u - 5*w + 295, 0 = -u - 4*w + 44. Suppose 6 = 5*v - u. Calculate the greatest common factor of v and 112.
14
Let j(s) = 18*s - 21. Let g be j(10). Let i = -68 + g. What is the greatest common divisor of 13 and i?
13
Let j be 7 + ((-5920)/2)/(-8). Calculate the greatest common divisor of 13 and j.
13
Let x(c) = -c + 3. Let m be x(4). Let r be 3*-2*8/m. Let d(g) = 7*g**2 + 99*g + 136. Let u be d(-13). What is the greatest common divisor of r and u?
16
Suppose 12*b = 407 + 433. What is the greatest common divisor of 50 and b?
10
Suppose -3*q + 3*d + 7 = 5*d, 2*d - 4 = 0. Suppose 3 + q = i. Calculate the highest common factor of 10 and i.
2
Let b be 3748/26 + (-218)/1417. What is the greatest common factor of 45 and b?
9
Suppose -5*f - 62 = -3*f. Let c = -3 - f. What is the greatest common divisor of 14 and c?
14
Suppose -2*y = -3*y + 4. Suppose y = 4*b - 2*b. Suppose -g = -3*f - 21, -3*f = -b*g - f + 30. What is the highest common factor of g and 4?
4
Suppose 4*x - 140 = 3*d, -4*d = -7*d - 12. Let a = -2 + 50. What is the highest common factor of x and a?
16
Let u = -468 - -470. Let i = 6 - 4. Suppose 2*l = -u*v + 5*v + 2, -16 = -i*l - 4*v. Calculate the greatest common divisor of 36 and l.
4
Let g(a) = -a**3 + a**2 - 2*a - 1. Let i be g(-1). Let z be (1 - (-1 + i))*-24. Calculate the highest common divisor of 3 and z.
3
Let i(c) = 8*c**2 - 13*c - 11. Let u be i(10). Suppose 3*s + 131 = u. What is the highest common divisor of s and 16?
16
Let n = -5 - -1. Let s = n + 12. Let d be 1/(-4) + 66/s. What is the highest common factor of 64 and d?
8
Let k be (-1 - 0) + 1 + 6. Let n be 1*3/k*50. Let l(t) = -t**2 - 18*t - 12. Let z be l(-17). What is the highest common factor of z and n?
5
Suppose -3*j + 11*j - 3488 = 0. Suppose -4*c = -3*q + j, 3*q - 93 = -2*c + 373. What is the greatest common divisor of q and 19?
19
Suppose -2*r + 5*o + 100 = 0, -2*o = 4*r - r - 112. Suppose 5*k - 306 + 106 = 0. Calculate the highest common factor of k and r.
40
Let n(t) = t**3 - 7*t**2 - 21*t + 65. Let z be n(10). Calculate the greatest common divisor of 3565 and z.
155
Let h = -46 + 54. Let l be -1 + 67 + 4 + -1. Suppose -3*i + a + l = 2*a, -2*a = i - 18. What is the highest common divisor of h and i?
8
Suppose f = -6*f + 5*g + 89, 3*f + 5*g - 31 = 0. Suppose -4*p + 252 = -p. Suppose u + p = 2*u. What is the greatest common divisor of u and f?
12
Let j = -33 - -33. Suppose 2*l - 50 = -4*t - j*l, -3*t - 5*l + 27 = 0. Calculate the highest common factor of t and 14.
14
Let o(m) = -1 + 3 + m**2 + 7*m**2 - m. Let x be o(1). Let z be 10/45 + 223/x. Calculate the greatest common factor of z and 5.
5
Let y be 94 - -3*4/6. Suppose 4*h + 0*h + y = 0. Let g be ((-2)/(-4))/((-4)/h). What is the greatest common divisor of g and 15?
3
Let n = 142 + 306. Calculate the highest common factor of 28 and n.
28
Let v(f) = 139*f**2 + 19*f - 18. Let u be v(1). Suppose -4*y + 244 = -5*w, -2*w + 288 = 5*y - 4*w. Calculate the highest common divisor of y and u.
28
Suppose 16 = 56*p - 55*p. What is the highest common factor of 6 and p?
2
Let j(p) = 3 + 4*p - p**2 + 3*p**2 + 0*p. Let c = -277 + 273. Let f be j(c). What is the highest common factor of 19 and f?
19
Suppose -5*w = 3*u - 140, -w - w - 5*u + 56 = 0. Suppose -3*q = -5*q + w. Calculate the greatest common factor of 21 and q.
7
Let h = 240 + -236. Let v(r) = -r**2 - 3*r + 1. Let n be v(-3). Let q = h + n. Calculate the highest common factor of 40 and q.
5
Suppose -2*i + 350 = 4*u, 2 = -4*u + 22. Suppose 16 = j + 1. What is the highest common divisor of j and i?
15
Suppose 187 = 3*v + n - 3*n, 0 = 2*v - 4*n - 122. Calculate the highest common divisor of v and 7.
7
Suppose 14 = -i + 50. Let y = 77 + -23. Calculate the greatest common div